prime?
False
Let p = -654 + 656. Is (133077/84)/(p/8) composite?
False
Let d = -926210 - -1440865. Is (-10)/((-200)/d) - (-1)/4 a prime number?
True
Suppose 5*x + 2295 = 5*i, -3*i + 3362 = -5*x + 1071. Let w = 1754 + x. Is w a composite number?
False
Let j(m) = -m**2 + 4*m + 8. Let v = 14 + -8. Let z be j(v). Is 412 + -1 + z/(-2) a composite number?
True
Let l(x) = 123*x - 39*x - 36*x + 12*x + 59. Is l(7) a composite number?
False
Suppose -4*x + 6 = b - 0*b, 4*b + 2*x = -4. Is b/(-17) - (-65601)/17 a composite number?
True
Let y be (-3)/((-6 + 4)/2). Let v be -2 - (-2)/y*-3. Is v*(0 + (-118)/8) a prime number?
True
Let t(m) = 133*m**2 + 25*m + 167. Let x be t(-8). Let l = x + -5681. Is l a prime number?
False
Let b = 1006147 - 671530. Is b a composite number?
True
Suppose -8*o = 13*o - 29*o + 3666776. Is o composite?
True
Let n be ((-1345)/10)/(13/4 + -3). Let r = n - -5135. Is r a composite number?
False
Let z(i) = 2527*i - 5128. Is z(57) composite?
True
Suppose -4*o + 26*o = 1320. Suppose -55*b + o*b + w = 126501, -4*w - 75919 = -3*b. Is b composite?
False
Let d be 6*(0 - ((-20)/12)/5). Suppose 2*w = -0*o - 3*o + 20, -d*w = -8. Suppose o*h = 3*t + 10160, 2 = -5*t - 18. Is h prime?
False
Let l(x) = 4*x + 47. Let k(o) = -13*o - 141. Let d(t) = 2*k(t) + 7*l(t). Let h be d(8). Is 5/15 + 7/(h/7566) composite?
True
Is 217/126*-3 + 6/36 - -3664 a composite number?
False
Let r(s) = 4553*s - 1357. Is r(36) a composite number?
True
Let z(a) = -4498*a**3 + 10*a**2 + 2*a - 7. Is z(-3) composite?
False
Let s = 84 - 92. Let h be (2 + s/10)/((-4)/(-10)). Suppose -h*q = 2*c - 1719, q + 0*c = 3*c + 562. Is q a composite number?
False
Suppose -27 = -307*b + 298*b. Suppose -9227 = 6*z - 9*z + 5*t, 2*z - 6152 = b*t. Is z composite?
False
Let z = 0 + 4. Let r(g) be the first derivative of 15*g**4/4 - 5*g**3/3 + 3*g**2/2 - 3*g + 305. Is r(z) composite?
True
Let h be (-100782)/(-18) - (-4)/(2 - 1). Let l = 8586 - h. Is l a composite number?
True
Let q = 42738 - 29849. Is q prime?
True
Let a(s) = 13 + 28*s**2 + 34*s**3 - 33*s**3 + 27*s - 2 + 4. Is a(-24) composite?
True
Let f(n) = 4*n + 297. Let s be (-476)/(-20) + (28/(-5))/7. Is f(s) prime?
True
Suppose -u - 27 = 23. Let n = 447 - -46. Let q = n + u. Is q a prime number?
True
Let x(d) = d**3 + 14*d**2 + 11*d - 20. Let a be x(-13). Suppose 0 = -4*n - 4*y + 1536 + 268, -2*y - a = 0. Let f = -147 + n. Is f composite?
False
Let o be (-10750)/6 - 2/6. Let p(q) = 2*q**3 + 16*q**2 + 36*q - 289. Let b be p(9). Let k = o + b. Is k a composite number?
False
Let n = 3711 + -1532. Is n a prime number?
True
Let c(a) = 1146*a**2 - 5*a + 21. Let u be c(6). Let q = u + -20290. Is q a prime number?
False
Suppose 4*h = -5*v + 71, 3*v - 16 = -2*h + 19. Suppose -2*l + h*l - 43673 = 0. Is l a composite number?
True
Suppose 1070*r - 1075*r = -s - 764, 5*s - 4*r = -3946. Let v(u) = 92*u - 4. Let p be v(-4). Let i = p - s. Is i a composite number?
True
Let r be (12/15)/((-3)/15). Let s be 0/(2 + r) + 1939. Let a = s - 1290. Is a prime?
False
Let y be (-9)/(-6)*50/3. Suppose 2*q - 20 = -4*s, -5*s = -0*q - 4*q - y. Suppose -5*p + s*j = -1965, j + 1560 = 9*p - 5*p. Is p composite?
False
Suppose 174 = -5*o + 7219. Suppose -24*h + o + 11095 = 0. Is h composite?
False
Suppose i = -3, 2*i + 8 = 5*k + i. Is k/(-2) - 2/(28/(-220605)) prime?
False
Let w(b) = b**2 - 8*b + 5. Let o be w(11). Let z = 39 - o. Is z/9 - (-13568)/36 a composite number?
True
Let f(q) = 18*q**2 - 291*q + 394. Is f(-89) a prime number?
False
Let v(z) = -19*z - 98. Let p be v(-6). Suppose p*x - 26499 = -17*x. Is x a prime number?
False
Is 5008430/65 + 81/351 prime?
False
Let j(d) = 630*d**2 + 4*d + 6. Let b be 351/(-91) - 1/7 - -2. Is j(b) a prime number?
False
Let u be 8/12 - 1/(-3)*109. Let q(s) = 29*s - 1 + u*s - 7 + 3. Is q(2) composite?
False
Let c = -2683 - -4889. Let l = 1400 - c. Let v = l + 1921. Is v a composite number?
True
Let d(l) be the third derivative of -1273*l**6/60 + 11*l**4/12 + 7*l**3/2 + 6*l**2 - 3. Is d(-1) composite?
True
Is 125016 - 59 - ((-9)/(-2))/((-6)/8) a composite number?
True
Let l(h) = 3911*h + 1124. Is l(9) composite?
True
Let u = 76985 - -54758. Is u a prime number?
True
Suppose -1660530 = 749*f - 755*f. Is f a composite number?
True
Let h(f) = 38*f - 19. Suppose 24 = 2*k - i, k + i = -4*i + 1. Let u be h(k). Suppose u = 17*z - 14*z. Is z a prime number?
False
Let j(p) = 21*p + 71*p + 14 + 136*p - 62*p. Let i be j(7). Let k = i + -814. Is k prime?
False
Suppose 13 = 3*h + 16. Is -2 - (3 - 6604 - (-1 - h)) prime?
True
Suppose 2*q + 3*v - 5*v - 22 = 0, -2*q + v = -19. Let f(o) = 15*o - 1280*o**2 + 31 - q + 1284*o**2. Is f(-12) composite?
False
Let a be (-4 + 3 - -1)/1. Suppose -3*g = -3*i - 1 + 28, a = 2*i - 5*g - 30. Suppose i*d = -k + 547, -4*k = -5*k - 2*d + 553. Is k prime?
True
Let h = -118 + 23. Let o = h - -93. Is (-9813)/(-6)*o/(-3 + 2) a composite number?
False
Let l be (-125)/(-1) - ((0 - 7) + 12). Let d be (3 + 3)*-13 - 3. Let n = l + d. Is n prime?
False
Let c(b) = 47*b**2 - 3*b - 1. Let u(y) = 15 - y - 15 + 9. Let v be u(6). Is c(v) a composite number?
True
Let z(g) = 6*g**2 - 10*g**3 - 3 + 12 - 11*g**2 + 2*g. Let w be z(-4). Let c = 1008 - w. Is c a composite number?
True
Let z(w) = 167071*w + 88. Is z(1) composite?
False
Let y = 1890285 - 1265324. Is y a composite number?
False
Is 3*(12 - (-131886)/54) a prime number?
False
Suppose -22 = 2*a - 3*w, 2*w = 4*a - 3*w + 44. Let n = -9 - a. Suppose o = -x + 35, 14 = -4*o + n*x + 166. Is o prime?
True
Suppose -58*v + 56*v - 4*p = -887874, 0 = -5*p + 20. Is v a prime number?
False
Suppose 11*r + 124775 = 484794. Suppose -4*b - r + 1721 = -4*q, -5*b = -q + 7744. Is q prime?
False
Suppose -30645 = -20*l + 17*l. Suppose -5*z + 28190 = l. Suppose -6*t = -t - z. Is t a prime number?
True
Suppose 586666 = 4*x - 2*z, 28759 + 117890 = x - 4*z. Is x a prime number?
True
Let r(v) = 24508*v - 245. Is r(3) prime?
False
Suppose -6*a = 2*v - a - 1, 2*v - 2*a + 6 = 0. Let h(i) = -i**2 + 2*i - 2. Let m(n) = 171*n**2 + 2*n + 11. Let r(x) = 2*h(x) + m(x). Is r(v) composite?
True
Suppose 0 = 3*p + 3*n - 18, -3*p - n - 27 = -5*p. Suppose 0 = 3*l - p + 5. Suppose -q = o - 1152, -l*o - 4*q + 1248 = -1058. Is o composite?
False
Is (-172)/(-43)*(-74959)/(-2) prime?
False
Suppose -2*s + 0 - 2 = 0, -5*n = -3*s + 77. Let v be 8/n*(0 + 2)/1. Is 5596/(-12)*(-2 - (v + 2)) a prime number?
True
Let g be 3 + -3 + 3 + 2577. Suppose 5*n - 5215 - g = 0. Is n a prime number?
True
Suppose 4*r - 3 = 9. Let t(o) = -21*o + 4. Let s(d) = -20*d + 3. Let y(w) = -5*s(w) + 4*t(w). Is y(r) prime?
False
Let i(l) = l**2 + 21*l + 10. Let s be i(-21). Let n(k) be the third derivative of k**5/15 + 5*k**4/12 - 13*k**3/6 - 10*k**2. Is n(s) prime?
True
Suppose 39*g - 9869173 = -3393964. Is g a composite number?
False
Let o = -235 - -257. Suppose -o*z - 83676 = -34*z. Is z composite?
True
Suppose -2*m - 362 = 5*c - 8*c, -3*m + 117 = c. Suppose -2*y - c = -128. Suppose -3*a = y*a - 5299. Is a prime?
True
Let t(k) = 554*k**2 + 12*k - 25. Let a be 230/50 - (-6)/(-10). Is t(a) a composite number?
False
Let x(j) be the second derivative of -17/2*j**2 - 14*j**3 - j + 0. Is x(-6) composite?
False
Is 6/(-2) - (18/(-81) - 257466/27) prime?
True
Let g be (2 - 1) + -3*4/(-12). Suppose 2*r = -6*l + g*l + 8328, 5*l + r = 10407. Is l a prime number?
True
Suppose 14*u - 11*u - 630 = 0. Suppose -5*t + 1010 = -u. Suppose t + 21 = b. Is b composite?
True
Let j(c) = 27*c**2 - 112*c - 1952. Is j(-25) a prime number?
False
Let h be (234/10)/((-3)/(-10)). Suppose d = -5*d + h. Suppose 566 = -d*a + 5389. Is a a prime number?
False
Let k = 244491 + -157334. Is k prime?
False
Let h be (9 - 3)/(-1 - -3). Let j be -4 - (142 - h) - 4. Is (j/(-14))/(9/66) prime?
False
Let a(g) be the first derivative of g**4/2 - 4*g**3 - 4*g**2 - 7*g + 10. Suppose z + 11 = 5*m, -m - 31 = -3*z - 2*m. Is a(z) composite?
True
Let t = 236630 - 125513. Is t a prime number?
False
Let a = 13497 + -22698. Let x = -1108 - a. Is x a composite number?
False
Let o = -59281 - -379460. Is o a composite number?
False
Let r be (1176/2 - 0)/(114/(-76)). Suppose 3*k = 12, 4*q = 8*q - 3*k + 624. Let l = q - r. Is l prime?
True
Let q(z) = -28*z - 77 + 24*z + 21*z + 6*z**2. Is q(14) prime?
False
Let